{"id":610,"date":"2013-07-15T11:53:56","date_gmt":"2013-07-15T09:53:56","guid":{"rendered":"http:\/\/redesign.grimann.de\/?page_id=610"},"modified":"2013-08-15T12:29:49","modified_gmt":"2013-08-15T10:29:49","slug":"quelques-mots-sur-ce-que-je-fais-et-de-moi","status":"publish","type":"page","link":"https:\/\/www.grimann.de\/pl\/quelques-mots-sur-ce-que-je-fais-et-de-moi\/","title":{"rendered":"quelques mots sur ce que je fais et de moi"},"content":{"rendered":"<p>Je marche et regarde autour de moi. Mes \u0153uvres traduisent ce que je vois. La bataille quotidienne pour survivre jusqu\u00b4\u00e0 demain. Ces gens autour de moi, leurs joies et leurs souffrances, leurs amours et leurs drames. Mon monde \u00e0 moi, \u00e0 ma fa\u00e7on, un peu symbolique, transpos\u00e9 , fabuleux, avec son cot\u00e9 BD, bref, \u00e0 ma fa\u00e7on \u00e0 moi. Parfois je travaille sur des sujets d\u00b4actualit\u00e9, parfois c\u00b4est juste une pens\u00e9e ou un sentiment qui, dans sa fugacit\u00e9, arrive \u00e0 peine \u00e0 atterrir sur ma toile.<\/p>\n","protected":false},"excerpt":{"rendered":"<p>Je marche et regarde autour de moi. Mes \u0153uvres traduisent ce que je vois. La bataille quotidienne pour survivre jusqu\u00b4\u00e0 demain. Ces gens autour de moi, leurs joies et leurs souffrances, leurs amours et leurs drames. Mon monde \u00e0 moi, \u00e0 ma fa\u00e7on, un peu symbolique, transpos\u00e9 , fabuleux, avec son cot\u00e9 BD, bref, \u00e0 [&hellip;]<\/p>\n","protected":false},"author":1,"featured_media":0,"parent":0,"menu_order":0,"comment_status":"open","ping_status":"closed","template":"page-fullwidth.php","meta":{"_exactmetrics_skip_tracking":false,"_exactmetrics_sitenote_active":false,"_exactmetrics_sitenote_note":"","_exactmetrics_sitenote_category":0,"ngg_post_thumbnail":0,"ocean_post_layout":"","ocean_both_sidebars_style":"","ocean_both_sidebars_content_width":0,"ocean_both_sidebars_sidebars_width":0,"ocean_sidebar":"","ocean_second_sidebar":"","ocean_disable_margins":"enable","ocean_add_body_class":"","ocean_shortcode_before_top_bar":"","ocean_shortcode_after_top_bar":"","ocean_shortcode_before_header":"","ocean_shortcode_after_header":"","ocean_has_shortcode":"","ocean_shortcode_after_title":"","ocean_shortcode_before_footer_widgets":"","ocean_shortcode_after_footer_widgets":"","ocean_shortcode_before_footer_bottom":"","ocean_shortcode_after_footer_bottom":"","ocean_display_top_bar":"default","ocean_display_header":"default","ocean_header_style":"","ocean_center_header_left_menu":"","ocean_custom_header_template":"","ocean_custom_logo":0,"ocean_custom_retina_logo":0,"ocean_custom_logo_max_width":0,"ocean_custom_logo_tablet_max_width":0,"ocean_custom_logo_mobile_max_width":0,"ocean_custom_logo_max_height":0,"ocean_custom_logo_tablet_max_height":0,"ocean_custom_logo_mobile_max_height":0,"ocean_header_custom_menu":"","ocean_menu_typo_font_family":"","ocean_menu_typo_font_subset":"","ocean_menu_typo_font_size":0,"ocean_menu_typo_font_size_tablet":0,"ocean_menu_typo_font_size_mobile":0,"ocean_menu_typo_font_size_unit":"px","ocean_menu_typo_font_weight":"","ocean_menu_typo_font_weight_tablet":"","ocean_menu_typo_font_weight_mobile":"","ocean_menu_typo_transform":"","ocean_menu_typo_transform_tablet":"","ocean_menu_typo_transform_mobile":"","ocean_menu_typo_line_height":0,"ocean_menu_typo_line_height_tablet":0,"ocean_menu_typo_line_height_mobile":0,"ocean_menu_typo_line_height_unit":"","ocean_menu_typo_spacing":0,"ocean_menu_typo_spacing_tablet":0,"ocean_menu_typo_spacing_mobile":0,"ocean_menu_typo_spacing_unit":"","ocean_menu_link_color":"","ocean_menu_link_color_hover":"","ocean_menu_link_color_active":"","ocean_menu_link_background":"","ocean_menu_link_hover_background":"","ocean_menu_link_active_background":"","ocean_menu_social_links_bg":"","ocean_menu_social_hover_links_bg":"","ocean_menu_social_links_color":"","ocean_menu_social_hover_links_color":"","ocean_disable_title":"default","ocean_disable_heading":"default","ocean_post_title":"","ocean_post_subheading":"","ocean_post_title_style":"","ocean_post_title_background_color":"","ocean_post_title_background":0,"ocean_post_title_bg_image_position":"","ocean_post_title_bg_image_attachment":"","ocean_post_title_bg_image_repeat":"","ocean_post_title_bg_image_size":"","ocean_post_title_height":0,"ocean_post_title_bg_overlay":0.5,"ocean_post_title_bg_overlay_color":"","ocean_disable_breadcrumbs":"default","ocean_breadcrumbs_color":"","ocean_breadcrumbs_separator_color":"","ocean_breadcrumbs_links_color":"","ocean_breadcrumbs_links_hover_color":"","ocean_display_footer_widgets":"default","ocean_display_footer_bottom":"default","ocean_custom_footer_template":"","footnotes":""},"class_list":["post-610","page","type-page","status-publish","hentry","entry","owp-thumbs-layout-horizontal","owp-btn-normal","owp-tabs-layout-horizontal","has-no-thumbnails","has-product-nav"],"yoast_head":"<!-- This site is optimized with the Yoast SEO plugin v27.4 - https:\/\/yoast.com\/product\/yoast-seo-wordpress\/ -->\n<title>quelques mots sur ce que je fais et de moi - my gallery<\/title>\n<meta name=\"robots\" content=\"index, follow, max-snippet:-1, max-image-preview:large, max-video-preview:-1\" \/>\n<link rel=\"canonical\" href=\"https:\/\/www.grimann.de\/pl\/quelques-mots-sur-ce-que-je-fais-et-de-moi\/\" \/>\n<meta property=\"og:locale\" content=\"pl_PL\" \/>\n<meta property=\"og:type\" content=\"article\" \/>\n<meta property=\"og:title\" content=\"quelques mots sur ce que je fais et de moi - my gallery\" \/>\n<meta property=\"og:description\" content=\"Je marche et regarde autour de moi. Mes \u0153uvres traduisent ce que je vois. La bataille quotidienne pour survivre jusqu\u00b4\u00e0 demain. Ces gens autour de moi, leurs joies et leurs souffrances, leurs amours et leurs drames. Mon monde \u00e0 moi, \u00e0 ma fa\u00e7on, un peu symbolique, transpos\u00e9 , fabuleux, avec son cot\u00e9 BD, bref, \u00e0 [&hellip;]\" \/>\n<meta property=\"og:url\" content=\"https:\/\/www.grimann.de\/pl\/quelques-mots-sur-ce-que-je-fais-et-de-moi\/\" \/>\n<meta property=\"og:site_name\" content=\"my gallery\" \/>\n<meta property=\"article:publisher\" content=\"https:\/\/www.facebook.com\/adam.grimann\" \/>\n<meta property=\"article:modified_time\" content=\"2013-08-15T10:29:49+00:00\" \/>\n<meta name=\"twitter:card\" content=\"summary_large_image\" \/>\n<script type=\"application\/ld+json\" class=\"yoast-schema-graph\">{\"@context\":\"https:\\\/\\\/schema.org\",\"@graph\":[{\"@type\":\"WebPage\",\"@id\":\"https:\\\/\\\/www.grimann.de\\\/pl\\\/quelques-mots-sur-ce-que-je-fais-et-de-moi\\\/\",\"url\":\"https:\\\/\\\/www.grimann.de\\\/pl\\\/quelques-mots-sur-ce-que-je-fais-et-de-moi\\\/\",\"name\":\"quelques mots sur ce que je fais et de moi - my gallery\",\"isPartOf\":{\"@id\":\"https:\\\/\\\/www.grimann.de\\\/#website\"},\"datePublished\":\"2013-07-15T09:53:56+00:00\",\"dateModified\":\"2013-08-15T10:29:49+00:00\",\"breadcrumb\":{\"@id\":\"https:\\\/\\\/www.grimann.de\\\/pl\\\/quelques-mots-sur-ce-que-je-fais-et-de-moi\\\/#breadcrumb\"},\"inLanguage\":\"pl-PL\",\"potentialAction\":[{\"@type\":\"ReadAction\",\"target\":[\"https:\\\/\\\/www.grimann.de\\\/pl\\\/quelques-mots-sur-ce-que-je-fais-et-de-moi\\\/\"]}]},{\"@type\":\"BreadcrumbList\",\"@id\":\"https:\\\/\\\/www.grimann.de\\\/pl\\\/quelques-mots-sur-ce-que-je-fais-et-de-moi\\\/#breadcrumb\",\"itemListElement\":[{\"@type\":\"ListItem\",\"position\":1,\"name\":\"Home\",\"item\":\"https:\\\/\\\/www.grimann.de\\\/\"},{\"@type\":\"ListItem\",\"position\":2,\"name\":\"quelques mots sur ce que je fais et de moi\"}]},{\"@type\":\"WebSite\",\"@id\":\"https:\\\/\\\/www.grimann.de\\\/#website\",\"url\":\"https:\\\/\\\/www.grimann.de\\\/\",\"name\":\"my gallery\",\"description\":\"adams art\",\"publisher\":{\"@id\":\"https:\\\/\\\/www.grimann.de\\\/#\\\/schema\\\/person\\\/b85eeb7bb21aee8cb16db5f471df2377\"},\"potentialAction\":[{\"@type\":\"SearchAction\",\"target\":{\"@type\":\"EntryPoint\",\"urlTemplate\":\"https:\\\/\\\/www.grimann.de\\\/?s={search_term_string}\"},\"query-input\":{\"@type\":\"PropertyValueSpecification\",\"valueRequired\":true,\"valueName\":\"search_term_string\"}}],\"inLanguage\":\"pl-PL\"},{\"@type\":[\"Person\",\"Organization\"],\"@id\":\"https:\\\/\\\/www.grimann.de\\\/#\\\/schema\\\/person\\\/b85eeb7bb21aee8cb16db5f471df2377\",\"name\":\"grimann\",\"image\":{\"@type\":\"ImageObject\",\"inLanguage\":\"pl-PL\",\"@id\":\"https:\\\/\\\/www.grimann.de\\\/wp-content\\\/uploads\\\/2022\\\/07\\\/signatur1-scaled.jpg\",\"url\":\"https:\\\/\\\/www.grimann.de\\\/wp-content\\\/uploads\\\/2022\\\/07\\\/signatur1-scaled.jpg\",\"contentUrl\":\"https:\\\/\\\/www.grimann.de\\\/wp-content\\\/uploads\\\/2022\\\/07\\\/signatur1-scaled.jpg\",\"width\":2560,\"height\":617,\"caption\":\"grimann\"},\"logo\":{\"@id\":\"https:\\\/\\\/www.grimann.de\\\/wp-content\\\/uploads\\\/2022\\\/07\\\/signatur1-scaled.jpg\"},\"sameAs\":[\"https:\\\/\\\/www.grimann.de\",\"https:\\\/\\\/www.facebook.com\\\/adam.grimann\",\"https:\\\/\\\/www.instagram.com\\\/atelier_grimann\\\/\",\"https:\\\/\\\/www.linkedin.com\\\/in\\\/adam-grimann-4684a661\\\/\"]}]}<\/script>\n<!-- \/ Yoast SEO plugin. -->","yoast_head_json":{"title":"quelques mots sur ce que je fais et de moi - my gallery","robots":{"index":"index","follow":"follow","max-snippet":"max-snippet:-1","max-image-preview":"max-image-preview:large","max-video-preview":"max-video-preview:-1"},"canonical":"https:\/\/www.grimann.de\/pl\/quelques-mots-sur-ce-que-je-fais-et-de-moi\/","og_locale":"pl_PL","og_type":"article","og_title":"quelques mots sur ce que je fais et de moi - my gallery","og_description":"Je marche et regarde autour de moi. Mes \u0153uvres traduisent ce que je vois. La bataille quotidienne pour survivre jusqu\u00b4\u00e0 demain. Ces gens autour de moi, leurs joies et leurs souffrances, leurs amours et leurs drames. Mon monde \u00e0 moi, \u00e0 ma fa\u00e7on, un peu symbolique, transpos\u00e9 , fabuleux, avec son cot\u00e9 BD, bref, \u00e0 [&hellip;]","og_url":"https:\/\/www.grimann.de\/pl\/quelques-mots-sur-ce-que-je-fais-et-de-moi\/","og_site_name":"my gallery","article_publisher":"https:\/\/www.facebook.com\/adam.grimann","article_modified_time":"2013-08-15T10:29:49+00:00","twitter_card":"summary_large_image","schema":{"@context":"https:\/\/schema.org","@graph":[{"@type":"WebPage","@id":"https:\/\/www.grimann.de\/pl\/quelques-mots-sur-ce-que-je-fais-et-de-moi\/","url":"https:\/\/www.grimann.de\/pl\/quelques-mots-sur-ce-que-je-fais-et-de-moi\/","name":"quelques mots sur ce que je fais et de moi - my gallery","isPartOf":{"@id":"https:\/\/www.grimann.de\/#website"},"datePublished":"2013-07-15T09:53:56+00:00","dateModified":"2013-08-15T10:29:49+00:00","breadcrumb":{"@id":"https:\/\/www.grimann.de\/pl\/quelques-mots-sur-ce-que-je-fais-et-de-moi\/#breadcrumb"},"inLanguage":"pl-PL","potentialAction":[{"@type":"ReadAction","target":["https:\/\/www.grimann.de\/pl\/quelques-mots-sur-ce-que-je-fais-et-de-moi\/"]}]},{"@type":"BreadcrumbList","@id":"https:\/\/www.grimann.de\/pl\/quelques-mots-sur-ce-que-je-fais-et-de-moi\/#breadcrumb","itemListElement":[{"@type":"ListItem","position":1,"name":"Home","item":"https:\/\/www.grimann.de\/"},{"@type":"ListItem","position":2,"name":"quelques mots sur ce que je fais et de moi"}]},{"@type":"WebSite","@id":"https:\/\/www.grimann.de\/#website","url":"https:\/\/www.grimann.de\/","name":"my gallery","description":"adams art","publisher":{"@id":"https:\/\/www.grimann.de\/#\/schema\/person\/b85eeb7bb21aee8cb16db5f471df2377"},"potentialAction":[{"@type":"SearchAction","target":{"@type":"EntryPoint","urlTemplate":"https:\/\/www.grimann.de\/?s={search_term_string}"},"query-input":{"@type":"PropertyValueSpecification","valueRequired":true,"valueName":"search_term_string"}}],"inLanguage":"pl-PL"},{"@type":["Person","Organization"],"@id":"https:\/\/www.grimann.de\/#\/schema\/person\/b85eeb7bb21aee8cb16db5f471df2377","name":"grimann","image":{"@type":"ImageObject","inLanguage":"pl-PL","@id":"https:\/\/www.grimann.de\/wp-content\/uploads\/2022\/07\/signatur1-scaled.jpg","url":"https:\/\/www.grimann.de\/wp-content\/uploads\/2022\/07\/signatur1-scaled.jpg","contentUrl":"https:\/\/www.grimann.de\/wp-content\/uploads\/2022\/07\/signatur1-scaled.jpg","width":2560,"height":617,"caption":"grimann"},"logo":{"@id":"https:\/\/www.grimann.de\/wp-content\/uploads\/2022\/07\/signatur1-scaled.jpg"},"sameAs":["https:\/\/www.grimann.de","https:\/\/www.facebook.com\/adam.grimann","https:\/\/www.instagram.com\/atelier_grimann\/","https:\/\/www.linkedin.com\/in\/adam-grimann-4684a661\/"]}]}},"_links":{"self":[{"href":"https:\/\/www.grimann.de\/pl\/wp-json\/wp\/v2\/pages\/610","targetHints":{"allow":["GET"]}}],"collection":[{"href":"https:\/\/www.grimann.de\/pl\/wp-json\/wp\/v2\/pages"}],"about":[{"href":"https:\/\/www.grimann.de\/pl\/wp-json\/wp\/v2\/types\/page"}],"author":[{"embeddable":true,"href":"https:\/\/www.grimann.de\/pl\/wp-json\/wp\/v2\/users\/1"}],"replies":[{"embeddable":true,"href":"https:\/\/www.grimann.de\/pl\/wp-json\/wp\/v2\/comments?post=610"}],"version-history":[{"count":7,"href":"https:\/\/www.grimann.de\/pl\/wp-json\/wp\/v2\/pages\/610\/revisions"}],"predecessor-version":[{"id":764,"href":"https:\/\/www.grimann.de\/pl\/wp-json\/wp\/v2\/pages\/610\/revisions\/764"}],"wp:attachment":[{"href":"https:\/\/www.grimann.de\/pl\/wp-json\/wp\/v2\/media?parent=610"}],"curies":[{"name":"wp","href":"https:\/\/api.w.org\/{rel}","templated":true}]}}

<p>Je marche et regarde autour de moi. Mes œuvres traduisent ce que je vois. La bataille quotidienne pour survivre jusqu´à demain. Ces gens autour de moi, leurs joies et leurs souffrances, leurs amours et leurs drames. Mon monde à moi, à ma façon, un peu symbolique, transposé , fabuleux, avec son coté BD, bref, à ma façon à moi. Parfois je travaille sur des sujets d´actualité, parfois c´est juste une pensée ou un sentiment qui, dans sa fugacité, arrive à peine à atterrir sur ma toile.</p>

<p>Je marche et regarde autour de moi. Mes œuvres traduisent ce que je vois. La bataille quotidienne pour survivre jusqu´à demain. Ces gens autour de moi, leurs joies et leurs souffrances, leurs amours et leurs drames. Mon monde à moi, à ma façon, un peu symbolique, transposé , fabuleux, avec son coté BD, bref, à [&hellip;]</p>

<!-- This site is optimized with the Yoast SEO plugin v27.4 - https://yoast.com/product/yoast-seo-wordpress/ -->
<title>quelques mots sur ce que je fais et de moi - my gallery</title>
<meta name="robots" content="index, follow, max-snippet:-1, max-image-preview:large, max-video-preview:-1" />
<link rel="canonical" href="https://www.grimann.de/pl/quelques-mots-sur-ce-que-je-fais-et-de-moi/" />
<meta property="og:locale" content="pl_PL" />
<meta property="og:type" content="article" />
<meta property="og:title" content="quelques mots sur ce que je fais et de moi - my gallery" />
<meta property="og:description" content="Je marche et regarde autour de moi. Mes œuvres traduisent ce que je vois. La bataille quotidienne pour survivre jusqu´à demain. Ces gens autour de moi, leurs joies et leurs souffrances, leurs amours et leurs drames. Mon monde à moi, à ma façon, un peu symbolique, transposé , fabuleux, avec son coté BD, bref, à [&hellip;]" />
<meta property="og:url" content="https://www.grimann.de/pl/quelques-mots-sur-ce-que-je-fais-et-de-moi/" />
<meta property="og:site_name" content="my gallery" />
<meta property="article:publisher" content="https://www.facebook.com/adam.grimann" />
<meta property="article:modified_time" content="2013-08-15T10:29:49+00:00" />
<meta name="twitter:card" content="summary_large_image" />
<script type="application/ld+json" class="yoast-schema-graph">{"@context":"https:\/\/schema.org","@graph":[{"@type":"WebPage","@id":"https:\/\/www.grimann.de\/pl\/quelques-mots-sur-ce-que-je-fais-et-de-moi\/","url":"https:\/\/www.grimann.de\/pl\/quelques-mots-sur-ce-que-je-fais-et-de-moi\/","name":"quelques mots sur ce que je fais et de moi - my gallery","isPartOf":{"@id":"https:\/\/www.grimann.de\/#website"},"datePublished":"2013-07-15T09:53:56+00:00","dateModified":"2013-08-15T10:29:49+00:00","breadcrumb":{"@id":"https:\/\/www.grimann.de\/pl\/quelques-mots-sur-ce-que-je-fais-et-de-moi\/#breadcrumb"},"inLanguage":"pl-PL","potentialAction":[{"@type":"ReadAction","target":["https:\/\/www.grimann.de\/pl\/quelques-mots-sur-ce-que-je-fais-et-de-moi\/"]}]},{"@type":"BreadcrumbList","@id":"https:\/\/www.grimann.de\/pl\/quelques-mots-sur-ce-que-je-fais-et-de-moi\/#breadcrumb","itemListElement":[{"@type":"ListItem","position":1,"name":"Home","item":"https:\/\/www.grimann.de\/"},{"@type":"ListItem","position":2,"name":"quelques mots sur ce que je fais et de moi"}]},{"@type":"WebSite","@id":"https:\/\/www.grimann.de\/#website","url":"https:\/\/www.grimann.de\/","name":"my gallery","description":"adams art","publisher":{"@id":"https:\/\/www.grimann.de\/#\/schema\/person\/b85eeb7bb21aee8cb16db5f471df2377"},"potentialAction":[{"@type":"SearchAction","target":{"@type":"EntryPoint","urlTemplate":"https:\/\/www.grimann.de\/?s={search_term_string}"},"query-input":{"@type":"PropertyValueSpecification","valueRequired":true,"valueName":"search_term_string"}}],"inLanguage":"pl-PL"},{"@type":["Person","Organization"],"@id":"https:\/\/www.grimann.de\/#\/schema\/person\/b85eeb7bb21aee8cb16db5f471df2377","name":"grimann","image":{"@type":"ImageObject","inLanguage":"pl-PL","@id":"https:\/\/www.grimann.de\/wp-content\/uploads\/2022\/07\/signatur1-scaled.jpg","url":"https:\/\/www.grimann.de\/wp-content\/uploads\/2022\/07\/signatur1-scaled.jpg","contentUrl":"https:\/\/www.grimann.de\/wp-content\/uploads\/2022\/07\/signatur1-scaled.jpg","width":2560,"height":617,"caption":"grimann"},"logo":{"@id":"https:\/\/www.grimann.de\/wp-content\/uploads\/2022\/07\/signatur1-scaled.jpg"},"sameAs":["https:\/\/www.grimann.de","https:\/\/www.facebook.com\/adam.grimann","https:\/\/www.instagram.com\/atelier_grimann\/","https:\/\/www.linkedin.com\/in\/adam-grimann-4684a661\/"]}]}</script>
<!-- / Yoast SEO plugin. -->

Je marche et regarde autour de moi. Mes œuvres traduisent ce que je vois. La bataille quotidienne pour survivre jusqu´à demain. Ces gens autour de moi, leurs joies et leurs souffrances, leurs amours et leurs drames. Mon monde à moi, à ma façon, un peu symbolique, transposé , fabuleux, avec son coté BD, bref, à [&hellip;]
